
9
What is the tens digit of 321198?
9
What is the thousands digit of 1263043?
3
What is the hundreds digit of 7794612?
6
What is the hundreds digit of 6158753?
7
What is the thousands digit of 354626?
4
What is the hundreds digit of 201291?
2
What is the hundred thousands digit of 7767731?
7
What is the thousands digit of 1284216?
4
What is the units digit of 21680363?
3
What is the tens digit of 9887094?
9
What is the units digit of 89981?
1
What is the hundreds digit of 182410?
4
What is the ten thousands digit of 2289099?
8
What is the millions digit of 2592074?
2
What is the ten thousands digit of 24222516?
2
What is the hundred thousands digit of 2294363?
2
What is the tens digit of 35458856?
5
What is the hundreds digit of 2797412?
4
What is the units digit of 737100?
0
What is the hundreds digit of 15365121?
1
What is the thousands digit of 185375?
5
What is the millions digit of 4625036?
4
What is the millions digit of 3128337?
3
What is the ten thousands digit of 6920657?
2
What is the hundred thousands digit of 7741704?
7
What is the hundred thousands digit of 11936977?
9
What is the ten thousands digit of 94025?
9
What is the ten thousands digit of 37744?
3
What is the tens digit of 13491996?
9
What is the thousands digit of 3301025?
1
What is the hundred thousands digit of 241621?
2
What is the tens digit of 8996494?
9
What is the units digit of 3722550?
0
What is the hundred thousands digit of 27571053?
5
What is the units digit of 19061995?
5
What is the units digit of 492873?
3
What is the hundreds digit of 294467?
4
What is the hundreds digit of 411250?
2
What is the thousands digit of 153922?
3
What is the units digit of 9675667?
7
What is the tens digit of 5668706?
0
What is the hundred thousands digit of 7842075?
8
What is the hundreds digit of 201356?
3
What is the units digit of 384915?
5
What is the units digit of 1147753?
3
What is the thousands digit of 81721?
1
What is the hundreds digit of 15389258?
2
What is the thousands digit of 370916?
0
What is the thousands digit of 185854?
5
What is the thousands digit of 14748716?
8
What is the millions digit of 2602709?
2
What is the tens digit of 6145872?
7
What is the thousands digit of 4812720?
2
What is the thousands digit of 7926663?
6
What is the hundreds digit of 1052040?
0
What is the ten thousands digit of 78548?
7
What is the hundreds digit of 1227593?
5
What is the hundreds digit of 20161323?
3
What is the thousands digit of 249264?
9
What is the hundred thousands digit of 724023?
7
What is the thousands digit of 27348543?
8
What is the units digit of 5744682?
2
What is the millions digit of 2872149?
2
What is the hundred thousands digit of 258491?
2
What is the ten thousands digit of 223193?
2
What is the tens digit of 870258?
5
What is the ten thousands digit of 5026555?
2
What is the units digit of 16347520?
0
What is the thousands digit of 96897?
6
What is the ten millions digit of 21111919?
2
What is the hundred thousands digit of 1694876?
6
What is the units digit of 252038?
8
What is the tens digit of 2209067?
6
What is the units digit of 5361261?
1
What is the thousands digit of 492325?
2
What is the millions digit of 2436806?
2
What is the hundreds digit of 19705649?
6
What is the units digit of 6080161?
1
What is the millions digit of 2411050?
2
What is the thousands digit of 636000?
6
What is the thousands digit of 6791012?
1
What is the ten thousands digit of 156752?
5
What is the hundred thousands digit of 18256622?
2
What is the hundreds digit of 315339?
3
What is the hundred thousands digit of 111792?
1
What is the hundreds digit of 2181428?
4
What is the ten thousands digit of 31956061?
5
What is the thousands digit of 948845?
8
What is the tens digit of 1679859?
5
What is the ten thousands digit of 433097?
3
What is the millions digit of 1494128?
1
What is the thousands digit of 339667?
9
What is the units digit of 1405175?
5
What is the units digit of 475299?
9
What is the units digit of 89649?
9
What is the tens digit of 363850?
5
What is the units digit of 437448?
8
What is the thousands digit of 584614?
4
What is the thousands digit of 546950?
6
What is the ten millions digit of 10712798?
1
What is the units digit of 6726333?
3
What is the ten millions digit of 33963353?
3
What is the thousands digit of 15002989?
2
What is the tens digit of 8614224?
2
What is the hundreds digit of 7898890?
8
What is the tens digit of 33588?
8
What is the hundreds digit of 214186?
1
What is the thousands digit of 1653040?
3
What is the hundreds digit of 9384?
3
What is the hundred thousands digit of 9085035?
0
What is the units digit of 213200?
0
What is the hundreds digit of 275677?
6
What is the hundred thousands digit of 273151?
2
What is the thousands digit of 298394?
8
What is the ten thousands digit of 376447?
7
What is the tens digit of 1129897?
9
What is the tens digit of 10044911?
1
What is the hundreds digit of 83237?
2
What is the hundred thousands digit of 25113466?
1
What is the units digit of 2129526?
6
What is the hundreds digit of 3757?
7
What is the tens digit of 12845381?
8
What is the ten thousands digit of 12429474?
2
What is the hundred thousands digit of 568548?
5
What is the thousands digit of 1928258?
8
What is the hundreds digit of 1774023?
0
What is the units digit of 14983603?
3
What is the thousands digit of 15911054?
1
What is the hundreds digit of 1118839?
8
What is the units digit of 5924039?
9
What is the hundreds digit of 2096393?
3
What is the ten thousands digit of 3404966?
0
What is the tens digit of 16035285?
8
What is the hundreds digit of 5564025?
0
What is the thousands digit of 673996?
3
What is the tens digit of 653253?
5
What is the hundred thousands digit of 565295?
5
What is the tens digit of 189833?
3
What is the hundred thousands digit of 491896?
4
What is the hundreds digit of 52808?
8
What is the hundred thousands digit of 7079459?
0
What is the thousands digit of 3835646?
5
What is the units digit of 6233787?
7
What is the tens digit of 425288?
8
What is the tens digit of 4919079?
7
What is the thousands digit of 453994?
3
What is the ten thousands digit of 27292036?
9
What is the units digit of 1563212?
2
What is the units digit of 283424?
4
What is the units digit of 8520200?
0
What is the ten thousands digit of 325705?
2
What is the tens digit of 2419005?
0
What is the hundred thousands digit of 16512880?
5
What is the units digit of 1694191?
1
What is the tens digit of 4904458?
5
What is the millions digit of 4489197?
4
What is the tens digit of 46127?
2
What is the hundred thousands digit of 6026106?
0
What is the tens digit of 1512599?
9
What is the millions digit of 24612899?
4
What is the ten thousands digit of 8910554?
1
What is the thousands digit of 5342986?
2
What is the ten thousands digit of 2108806?
0
What is the thousands digit of 439800?
9
What is the thousands digit of 243890?
3
What is the thousands digit of 1643395?
3
What is the thousands digit of 98504?
8
What is the tens digit of 663497?
9
What is the hundred thousands digit of 4092129?
0
What is the tens digit of 27468064?
6
What is the thousands digit of 14807?
4
What is the thousands digit of 1054959?
4
What is the hundreds digit of 2823313?
3
What is the thousands digit of 1366393?
6
What is the units digit of 54772?
2
What is the tens digit of 1167097?
9
What is the tens digit of 657254?
5
What is the millions digit of 18881169?
8
What is the tens digit of 171284?
8
What is the tens digit of 7359378?
7
What is the units digit of 1665190?
0
What is the ten thousands digit of 416082?
1
What is the hundred thousands digit of 215169?
2
What is the units digit of 4223777?
7
What is the ten thousands digit of 629514?
2
What is the hundreds digit of 500226?
2
What is the units digit of 536?
6
What is the hundreds digit of 8988862?
8
What is the units digit of 2171259?
9
What is the ten thousands digit of 2531792?
3
What is the thousands digit of 1528613?
8
What is the ten thousands digit of 6875185?
7
What is the hundreds digit of 112734?
7
What is the tens digit of 944289?
8
What is the tens digit of 13569?
6
What is the units digit of 2999733?
3
What is the units digit of 295394?
4
What is the thousands digit of 2688419?
8
What is the